{"id":1002,"date":"2025-04-26T22:57:04","date_gmt":"2025-04-26T20:57:04","guid":{"rendered":"https:\/\/laser-med.com.pl\/?post_type=product&#038;p=1002"},"modified":"2025-11-24T01:03:43","modified_gmt":"2025-11-24T00:03:43","slug":"usuwanie-rumienia","status":"publish","type":"product","link":"https:\/\/laser-med.com.pl\/index.php\/produkt\/usuwanie-rumienia\/","title":{"rendered":"Usuwanie rumienia"},"content":{"rendered":"<h4 class=\"et_pb_module_header\">Efekty zabiegu usuwania rumienia<\/h4>\n<div class=\"et_pb_blurb_description\">\n<ul>\n<li aria-level=\"1\">Widoczne zmniejszenie rumienia i zaczerwienie\u0144,<\/li>\n<li aria-level=\"1\">Zamykanie rozszerzonych naczynek krwiono\u015bnych,<\/li>\n<li aria-level=\"1\">Wyr\u00f3wnanie kolorytu sk\u00f3ry,<\/li>\n<li aria-level=\"1\">Poprawa struktury i wygl\u0105du sk\u00f3ry.<\/li>\n<\/ul>\n<h4 class=\"et_pb_module_header\">Laserowe usuwanie rumienia<br \/>\n<span style=\"color: #666666; font-size: 14px;\">to skuteczna, metoda redukcji widocznych zaczerwienie\u0144 sk\u00f3ry oraz rozszerzonych naczynek. Zabieg wykorzystuje zaawansowan\u0105 technologi\u0119 laserow\u0105, kt\u00f3ra prowadzi do zamkni\u0119cia naczy\u0144 i wyra\u017anego zmniejszenia rumienia. Procedura jest szybka, bezpieczna i pozwala na stopniowe odzyskiwanie jednolitego kolorytu sk\u00f3ry.<\/span><\/h4>\n<p><a href=\"https:\/\/laser-med.com.pl\/index.php\/laserowe-usuwanie-rumienia\/\">Wi\u0119cej o zabiegu<\/a><\/p>\n<\/div>\n","protected":false},"excerpt":{"rendered":"<p>Efekty zabiegu usuwania rumienia Widoczne zmniejszenie rumienia i zaczerwienie\u0144, Zamykanie rozszerzonych naczynek krwiono\u015bnych, Wyr\u00f3wnanie kolorytu sk\u00f3ry, Poprawa struktury i wygl\u0105du sk\u00f3ry. Laserowe usuwanie rumienia to skuteczna, metoda redukcji widocznych zaczerwienie\u0144 sk\u00f3ry oraz rozszerzonych naczynek. Zabieg wykorzystuje zaawansowan\u0105 technologi\u0119 laserow\u0105, kt\u00f3ra prowadzi do zamkni\u0119cia naczy\u0144 i wyra\u017anego zmniejszenia rumienia. Procedura jest szybka, bezpieczna i pozwala na [&hellip;]<\/p>\n","protected":false},"featured_media":1672,"comment_status":"open","ping_status":"closed","template":"","meta":{"_et_pb_use_builder":"","_et_pb_old_content":"","_et_gb_content_width":""},"product_brand":[],"product_cat":[27,23],"product_tag":[53,49,54,55,35],"class_list":{"0":"post-1002","1":"product","2":"type-product","3":"status-publish","4":"has-post-thumbnail","6":"product_cat-zabiegi-laserowe","7":"product_cat-zabiegi-na-twarz","8":"product_tag-poprawa-elastycznosci-skory","9":"product_tag-poprawa-jedrnosci-skory","10":"product_tag-redukacja-naczynek","11":"product_tag-redukcja-pajaczkow","12":"product_tag-wygladzenie","14":"first","15":"instock","16":"shipping-taxable","17":"purchasable","18":"product-type-variable"},"_links":{"self":[{"href":"https:\/\/laser-med.com.pl\/index.php\/wp-json\/wp\/v2\/product\/1002","targetHints":{"allow":["GET"]}}],"collection":[{"href":"https:\/\/laser-med.com.pl\/index.php\/wp-json\/wp\/v2\/product"}],"about":[{"href":"https:\/\/laser-med.com.pl\/index.php\/wp-json\/wp\/v2\/types\/product"}],"replies":[{"embeddable":true,"href":"https:\/\/laser-med.com.pl\/index.php\/wp-json\/wp\/v2\/comments?post=1002"}],"wp:featuredmedia":[{"embeddable":true,"href":"https:\/\/laser-med.com.pl\/index.php\/wp-json\/wp\/v2\/media\/1672"}],"wp:attachment":[{"href":"https:\/\/laser-med.com.pl\/index.php\/wp-json\/wp\/v2\/media?parent=1002"}],"wp:term":[{"taxonomy":"product_brand","embeddable":true,"href":"https:\/\/laser-med.com.pl\/index.php\/wp-json\/wp\/v2\/product_brand?post=1002"},{"taxonomy":"product_cat","embeddable":true,"href":"https:\/\/laser-med.com.pl\/index.php\/wp-json\/wp\/v2\/product_cat?post=1002"},{"taxonomy":"product_tag","embeddable":true,"href":"https:\/\/laser-med.com.pl\/index.php\/wp-json\/wp\/v2\/product_tag?post=1002"}],"curies":[{"name":"wp","href":"https:\/\/api.w.org\/{rel}","templated":true}]}}