{"id":1072,"date":"2025-04-27T23:02:41","date_gmt":"2025-04-27T21:02:41","guid":{"rendered":"https:\/\/laser-med.com.pl\/?post_type=product&#038;p=1072"},"modified":"2025-07-10T12:57:43","modified_gmt":"2025-07-10T10:57:43","slug":"mezoterapia-wieloiglowa-vitten-injector","status":"publish","type":"product","link":"https:\/\/laser-med.com.pl\/index.php\/produkt\/mezoterapia-wieloiglowa-vitten-injector\/","title":{"rendered":"Mezoterapia wieloig\u0142owa pr\u00f3\u017cniowa Vitten Injector"},"content":{"rendered":"<h4 class=\"et_pb_module_header\">Efekty zabiegu Mezoterapii Vitten Injector<\/h4>\n<div class=\"et_pb_blurb_description\">\n<ul>\n<li aria-level=\"1\">Redukcja zmarszczek i bruzd<\/li>\n<li aria-level=\"1\">Odm\u0142odzenie i rewitalizacja sk\u00f3ry<\/li>\n<li aria-level=\"1\">Poprawa elastyczno\u015bci i j\u0119drno\u015bci<\/li>\n<li aria-level=\"1\">G\u0142\u0119bokie nawil\u017cenie oraz odbudowa warstwy hydrolipidowej<\/li>\n<li aria-level=\"1\">Rozja\u015bnienie sk\u00f3ry i przywr\u00f3cenie jej naturalnego kolorytu<\/li>\n<li aria-level=\"1\">Poprawa owalu twarzy<\/li>\n<li aria-level=\"1\">Wyg\u0142adzenie struktury sk\u00f3ry<\/li>\n<\/ul>\n<h4 class=\"et_pb_module_header\">Mezoterapia Pr\u00f3\u017cniowa wieloig\u0142owa Vitten Injector<br \/>\n<span style=\"color: #666666; font-size: 14px;\">Mezoterapia pr\u00f3\u017cniowa z u\u017cyciem urz\u0105dzenia\u00a0<\/span><b style=\"color: #666666; font-size: 14px;\">Vitten Injector<\/b><span style=\"color: #666666; font-size: 14px;\">\u00a0to nowoczesna metoda wieloig\u0142owej aplikacji substancji aktywnych, takich jak nieusieciowany i usieciowany kwas hialuronowy, w g\u0142\u0105b sk\u00f3ry. Dzi\u0119ki zastosowaniu technologii pr\u00f3\u017cniowej, zabieg jest precyzyjny, minimalizuje dyskomfort pacjenta oraz ryzyko powstawania siniak\u00f3w.<\/span><\/h4>\n<p><a href=\"https:\/\/laser-med.com.pl\/index.php\/mezoterapia-wieloiglowa-vitten-injector\/\">Wi\u0119cej o zabiegu<\/a><\/p>\n<\/div>\n","protected":false},"excerpt":{"rendered":"<p>Efekty zabiegu Mezoterapii Vitten Injector Redukcja zmarszczek i bruzd Odm\u0142odzenie i rewitalizacja sk\u00f3ry Poprawa elastyczno\u015bci i j\u0119drno\u015bci G\u0142\u0119bokie nawil\u017cenie oraz odbudowa warstwy hydrolipidowej Rozja\u015bnienie sk\u00f3ry i przywr\u00f3cenie jej naturalnego kolorytu Poprawa owalu twarzy Wyg\u0142adzenie struktury sk\u00f3ry Mezoterapia Pr\u00f3\u017cniowa wieloig\u0142owa Vitten Injector Mezoterapia pr\u00f3\u017cniowa z u\u017cyciem urz\u0105dzenia\u00a0Vitten Injector\u00a0to nowoczesna metoda wieloig\u0142owej aplikacji substancji aktywnych, takich jak [&hellip;]<\/p>\n","protected":false},"featured_media":463,"comment_status":"open","ping_status":"closed","template":"","meta":{"_et_pb_use_builder":"","_et_pb_old_content":"","_et_gb_content_width":""},"product_brand":[69],"product_cat":[23],"product_tag":[48,33,51,53,49,38,36,43,50],"class_list":{"0":"post-1072","1":"product","2":"type-product","3":"status-publish","4":"has-post-thumbnail","6":"product_brand-vitten-injector","7":"product_cat-zabiegi-na-twarz","8":"product_tag-lifting","9":"product_tag-nawilzenie","10":"product_tag-odmlodzenie","11":"product_tag-poprawa-elastycznosci-skory","12":"product_tag-poprawa-jedrnosci-skory","13":"product_tag-redukcja-zmarszczek","14":"product_tag-rozswietlenie-skory","15":"product_tag-ujedrniajacy","16":"product_tag-zmniejszenie-porow","18":"first","19":"instock","20":"shipping-taxable","21":"purchasable","22":"product-type-variable"},"_links":{"self":[{"href":"https:\/\/laser-med.com.pl\/index.php\/wp-json\/wp\/v2\/product\/1072","targetHints":{"allow":["GET"]}}],"collection":[{"href":"https:\/\/laser-med.com.pl\/index.php\/wp-json\/wp\/v2\/product"}],"about":[{"href":"https:\/\/laser-med.com.pl\/index.php\/wp-json\/wp\/v2\/types\/product"}],"replies":[{"embeddable":true,"href":"https:\/\/laser-med.com.pl\/index.php\/wp-json\/wp\/v2\/comments?post=1072"}],"wp:featuredmedia":[{"embeddable":true,"href":"https:\/\/laser-med.com.pl\/index.php\/wp-json\/wp\/v2\/media\/463"}],"wp:attachment":[{"href":"https:\/\/laser-med.com.pl\/index.php\/wp-json\/wp\/v2\/media?parent=1072"}],"wp:term":[{"taxonomy":"product_brand","embeddable":true,"href":"https:\/\/laser-med.com.pl\/index.php\/wp-json\/wp\/v2\/product_brand?post=1072"},{"taxonomy":"product_cat","embeddable":true,"href":"https:\/\/laser-med.com.pl\/index.php\/wp-json\/wp\/v2\/product_cat?post=1072"},{"taxonomy":"product_tag","embeddable":true,"href":"https:\/\/laser-med.com.pl\/index.php\/wp-json\/wp\/v2\/product_tag?post=1072"}],"curies":[{"name":"wp","href":"https:\/\/api.w.org\/{rel}","templated":true}]}}