{"id":1180,"date":"2025-07-07T15:54:58","date_gmt":"2025-07-07T13:54:58","guid":{"rendered":"https:\/\/laser-med.com.pl\/?post_type=product&#038;p=1180"},"modified":"2026-02-11T00:50:45","modified_gmt":"2026-02-10T23:50:45","slug":"zabieg-aqua-glebokie-nawilzenie-skory-bioline-jato","status":"publish","type":"product","link":"https:\/\/laser-med.com.pl\/index.php\/produkt\/zabieg-aqua-glebokie-nawilzenie-skory-bioline-jato\/","title":{"rendered":"Zabieg Aqua &#8211; g\u0142\u0119bokie nawil\u017cenie sk\u00f3ry \u2013 Bioline Jato"},"content":{"rendered":"<h4 class=\"et_pb_module_header et-fb-editable-element et-fb-editable-element__editing\" contenteditable=\"true\" data-shortcode-id=\"0.1.1.0-1746701296369\" data-quickaccess-id=\"header\">Efekty zabiegu AQUA+<\/h4>\n<div class=\"et_pb_blurb_description\">\n<ul>\n<li>Natychmiastowy blask i uczucie \u015bwie\u017co\u015bci<\/li>\n<li>Przywr\u00f3cenie elastyczno\u015bci i spr\u0119\u017cysto\u015bci sk\u00f3ry<\/li>\n<li>D\u0142ugotrwa\u0142e nawil\u017cenie<\/li>\n<li>Wzmocniona bariera sk\u00f3rna<\/li>\n<\/ul>\n<\/div>\n<h4 class=\"et_pb_module_header\">Zabieg AQUA+ od Bioline Jato, <span style=\"color: #666666; font-size: 14px;\">to linia stworzona z my\u015bl\u0105 o sk\u00f3rze odwodnionej, kt\u00f3ra jest matowa i szorstka w dotyku. Receptury produkt\u00f3w bazuj\u0105 na innowacyjnym kompleksie \u201eHydra Intensive Complex\u201d, kt\u00f3ry dzia\u0142a wielopoziomowo, przywracaj\u0105c sk\u00f3rze optymalny poziom nawil\u017cenia i zdolno\u015b\u0107 do tworzenia rezerw wody.<\/span><\/h4>\n<p><a href=\"https:\/\/laser-med.com.pl\/index.php\/zabieg-aqua\/\">wi\u0119cej o zabiegu<\/a><\/p>\n<p>&nbsp;<\/p>\n","protected":false},"excerpt":{"rendered":"<p>Efekty zabiegu AQUA+ Natychmiastowy blask i uczucie \u015bwie\u017co\u015bci Przywr\u00f3cenie elastyczno\u015bci i spr\u0119\u017cysto\u015bci sk\u00f3ry D\u0142ugotrwa\u0142e nawil\u017cenie Wzmocniona bariera sk\u00f3rna Zabieg AQUA+ od Bioline Jato, to linia stworzona z my\u015bl\u0105 o sk\u00f3rze odwodnionej, kt\u00f3ra jest matowa i szorstka w dotyku. Receptury produkt\u00f3w bazuj\u0105 na innowacyjnym kompleksie \u201eHydra Intensive Complex\u201d, kt\u00f3ry dzia\u0142a wielopoziomowo, przywracaj\u0105c sk\u00f3rze optymalny poziom nawil\u017cenia [&hellip;]<\/p>\n","protected":false},"featured_media":1130,"comment_status":"open","ping_status":"closed","template":"","meta":{"_et_pb_use_builder":"","_et_pb_old_content":"","_et_gb_content_width":""},"product_brand":[59],"product_cat":[23],"product_tag":[33,51,34,53,49,36],"class_list":{"0":"post-1180","1":"product","2":"type-product","3":"status-publish","4":"has-post-thumbnail","6":"product_brand-bioline-jato","7":"product_cat-zabiegi-na-twarz","8":"product_tag-nawilzenie","9":"product_tag-odmlodzenie","10":"product_tag-pielegnacja-skory","11":"product_tag-poprawa-elastycznosci-skory","12":"product_tag-poprawa-jedrnosci-skory","13":"product_tag-rozswietlenie-skory","15":"first","16":"instock","17":"shipping-taxable","18":"purchasable","19":"product-type-variable"},"_links":{"self":[{"href":"https:\/\/laser-med.com.pl\/index.php\/wp-json\/wp\/v2\/product\/1180","targetHints":{"allow":["GET"]}}],"collection":[{"href":"https:\/\/laser-med.com.pl\/index.php\/wp-json\/wp\/v2\/product"}],"about":[{"href":"https:\/\/laser-med.com.pl\/index.php\/wp-json\/wp\/v2\/types\/product"}],"replies":[{"embeddable":true,"href":"https:\/\/laser-med.com.pl\/index.php\/wp-json\/wp\/v2\/comments?post=1180"}],"wp:featuredmedia":[{"embeddable":true,"href":"https:\/\/laser-med.com.pl\/index.php\/wp-json\/wp\/v2\/media\/1130"}],"wp:attachment":[{"href":"https:\/\/laser-med.com.pl\/index.php\/wp-json\/wp\/v2\/media?parent=1180"}],"wp:term":[{"taxonomy":"product_brand","embeddable":true,"href":"https:\/\/laser-med.com.pl\/index.php\/wp-json\/wp\/v2\/product_brand?post=1180"},{"taxonomy":"product_cat","embeddable":true,"href":"https:\/\/laser-med.com.pl\/index.php\/wp-json\/wp\/v2\/product_cat?post=1180"},{"taxonomy":"product_tag","embeddable":true,"href":"https:\/\/laser-med.com.pl\/index.php\/wp-json\/wp\/v2\/product_tag?post=1180"}],"curies":[{"name":"wp","href":"https:\/\/api.w.org\/{rel}","templated":true}]}}