{"id":1250,"date":"2025-07-08T13:01:44","date_gmt":"2025-07-08T11:01:44","guid":{"rendered":"https:\/\/laser-med.com.pl\/?post_type=product&#038;p=1250"},"modified":"2025-11-24T01:33:45","modified_gmt":"2025-11-24T00:33:45","slug":"fala-radiowa-na-cialo","status":"publish","type":"product","link":"https:\/\/laser-med.com.pl\/index.php\/produkt\/fala-radiowa-na-cialo\/","title":{"rendered":"Fala radiowa na cia\u0142o"},"content":{"rendered":"<h4 class=\"et_pb_module_header\">Efekty zabiegu Fali radiowej na cia\u0142o<\/h4>\n<div class=\"et_pb_blurb_description\">\n<ul>\n<li aria-level=\"1\">Modelowanie sylwetki<\/li>\n<li style=\"font-weight: 400;\" aria-level=\"1\">Redukcja cellulitu i nadmiaru tkanki t\u0142uszczowej<\/li>\n<li style=\"font-weight: 400;\" aria-level=\"1\">Zag\u0119szczenie i uj\u0119drnienie sk\u00f3ry<\/li>\n<li style=\"font-weight: 400;\" aria-level=\"1\">Poprawa elastyczno\u015bci<\/li>\n<li style=\"font-weight: 400;\" aria-level=\"1\"><span style=\"font-weight: 400;\">Pobudzenie produkcji kolagenu i elastyny<\/span><\/li>\n<\/ul>\n<h4 class=\"et_pb_module_header\">Fala radiowa (RF),<br \/>\n<span style=\"color: #666666; font-size: 14px;\"><span style=\"font-weight: 400;\">zabiegi z wykorzystaniem <\/span><b>fali radiowej Venus Concept<\/b><span style=\"font-weight: 400;\"> to innowacyjna i zaawansowana technologia, kt\u00f3ra dzia\u0142a na g\u0142\u0119bokie warstwy sk\u00f3ry, stymuluj\u0105c produkcj\u0119 kolagenu i elastyny. Dzia\u0142a na g\u0142\u0119bokie warstwy sk\u00f3ry, poprawiaj\u0105c jej j\u0119drno\u015b\u0107, elastyczno\u015b\u0107 i kontur. Jest to bezinwazyjna, bezpieczna i niezwykle skuteczna metoda stosowana w terapii anti-aging, modelowaniu sylwetki oraz redukcji cellulitu, polecana dla os\u00f3b, kt\u00f3re chc\u0105 odzyska\u0107 m\u0142ody wygl\u0105d sk\u00f3ry bez potrzeby ingerencji chirurgicznej.<\/span><\/span><\/h4>\n<p><a href=\"https:\/\/laser-med.com.pl\/index.php\/fala-radiowa-venus-legacy\/\">Wi\u0119cej o zabiegu<\/a><\/p>\n<\/div>\n","protected":false},"excerpt":{"rendered":"<p>Efekty zabiegu Fali radiowej na cia\u0142o Modelowanie sylwetki Redukcja cellulitu i nadmiaru tkanki t\u0142uszczowej Zag\u0119szczenie i uj\u0119drnienie sk\u00f3ry Poprawa elastyczno\u015bci Pobudzenie produkcji kolagenu i elastyny Fala radiowa (RF), zabiegi z wykorzystaniem fali radiowej Venus Concept to innowacyjna i zaawansowana technologia, kt\u00f3ra dzia\u0142a na g\u0142\u0119bokie warstwy sk\u00f3ry, stymuluj\u0105c produkcj\u0119 kolagenu i elastyny. Dzia\u0142a na g\u0142\u0119bokie warstwy [&hellip;]<\/p>\n","protected":false},"featured_media":1276,"comment_status":"open","ping_status":"closed","template":"","meta":{"_et_pb_use_builder":"","_et_pb_old_content":"","_et_gb_content_width":""},"product_brand":[47],"product_cat":[62],"product_tag":[40,44,66,63,53,49,43,35,45],"class_list":{"0":"post-1250","1":"product","2":"type-product","3":"status-publish","4":"has-post-thumbnail","6":"product_brand-venus-concept","7":"product_cat-zabiegi-na-cialo","8":"product_tag-antycelluliotowy","9":"product_tag-drenujacy","10":"product_tag-lublin","11":"product_tag-modelowanie-sylwetki","12":"product_tag-poprawa-elastycznosci-skory","13":"product_tag-poprawa-jedrnosci-skory","14":"product_tag-ujedrniajacy","15":"product_tag-wygladzenie","16":"product_tag-zageszczenie-skory","18":"first","19":"instock","20":"shipping-taxable","21":"purchasable","22":"product-type-variable"},"_links":{"self":[{"href":"https:\/\/laser-med.com.pl\/index.php\/wp-json\/wp\/v2\/product\/1250","targetHints":{"allow":["GET"]}}],"collection":[{"href":"https:\/\/laser-med.com.pl\/index.php\/wp-json\/wp\/v2\/product"}],"about":[{"href":"https:\/\/laser-med.com.pl\/index.php\/wp-json\/wp\/v2\/types\/product"}],"replies":[{"embeddable":true,"href":"https:\/\/laser-med.com.pl\/index.php\/wp-json\/wp\/v2\/comments?post=1250"}],"wp:featuredmedia":[{"embeddable":true,"href":"https:\/\/laser-med.com.pl\/index.php\/wp-json\/wp\/v2\/media\/1276"}],"wp:attachment":[{"href":"https:\/\/laser-med.com.pl\/index.php\/wp-json\/wp\/v2\/media?parent=1250"}],"wp:term":[{"taxonomy":"product_brand","embeddable":true,"href":"https:\/\/laser-med.com.pl\/index.php\/wp-json\/wp\/v2\/product_brand?post=1250"},{"taxonomy":"product_cat","embeddable":true,"href":"https:\/\/laser-med.com.pl\/index.php\/wp-json\/wp\/v2\/product_cat?post=1250"},{"taxonomy":"product_tag","embeddable":true,"href":"https:\/\/laser-med.com.pl\/index.php\/wp-json\/wp\/v2\/product_tag?post=1250"}],"curies":[{"name":"wp","href":"https:\/\/api.w.org\/{rel}","templated":true}]}}